ommon divisor of 212 and 1916644.
4
What is the highest common divisor of 15111639 and 87?
87
What is the highest common divisor of 5723075 and 25?
25
What is the greatest common divisor of 1336 and 65386679?
167
Calculate the greatest common divisor of 301500799 and 1.
1
What is the highest common divisor of 5602825 and 1175?
25
What is the greatest common divisor of 4526690 and 80?
10
Calculate the greatest common factor of 35859702 and 2136.
534
Calculate the greatest common divisor of 5982300 and 79475.
7225
Calculate the highest common divisor of 89271 and 18065229.
273
What is the greatest common divisor of 11 and 266605427?
11
Calculate the highest common divisor of 640 and 22676608.
128
What is the highest common factor of 6919 and 77760199?
407
What is the highest common divisor of 21 and 97112687?
7
Calculate the highest common factor of 856381440 and 128.
128
Calculate the greatest common factor of 497 and 62267.
71
What is the highest common factor of 10383239 and 10056?
419
What is the highest common factor of 31684620 and 130?
10
What is the greatest common divisor of 14 and 88050046?
14
Calculate the highest common factor of 7161150 and 300.
150
What is the highest common divisor of 3041119 and 1589?
227
Calculate the greatest common factor of 39277862 and 78.
26
Calculate the greatest common divisor of 805 and 127965905.
115
What is the greatest common divisor of 28 and 117510856?
4
What is the greatest common factor of 158 and 4812601?
79
Calculate the greatest common divisor of 3484 and 28135913.
871
Calculate the greatest common divisor of 1326 and 436633899.
663
Calculate the highest common divisor of 480 and 12997020.
60
What is the greatest common factor of 340 and 804863164?
68
Calculate the greatest common factor of 6518 and 52362353.
3259
What is the greatest common divisor of 81127 and 38099?
31
What is the greatest common divisor of 21030 and 6234694?
1402
Calculate the highest common divisor of 160101942 and 1482.
1482
What is the highest common divisor of 3980 and 1702530?
10
What is the highest common factor of 101183200 and 53325?
1975
What is the greatest common factor of 5 and 207221125?
5
Calculate the highest common divisor of 158533576 and 3842.
226
What is the highest common factor of 58607 and 366577?
103
Calculate the greatest common divisor of 5157 and 22525012.
191
Calculate the greatest common divisor of 91008 and 80343.
711
Calculate the highest common divisor of 850675 and 425.
25
What is the greatest common divisor of 4217427 and 216?
27
Calculate the highest common divisor of 232 and 4499147.
29
What is the highest common divisor of 838 and 574?
2
Calculate the highest common divisor of 20256 and 236086212.
2532
Calculate the greatest common factor of 38378 and 43462.
62
What is the highest common divisor of 3 and 10442862?
3
What is the highest common factor of 130933086 and 29?
29
Calculate the greatest common factor of 273504 and 2753688.
6216
Calculate the greatest common divisor of 5488 and 146164648.
2744
Calculate the highest common divisor of 11661 and 16134339.
897
Calculate the greatest common divisor of 1876869 and 782.
23
Calculate the greatest common factor of 1625 and 2934425.
325
What is the highest common divisor of 159115437 and 15093?
5031
Calculate the highest common divisor of 13554 and 20765230.
502
Calculate the highest common factor of 258949166 and 56.
14
Calculate the highest common factor of 905921 and 14012.
113
What is the highest common divisor of 157612 and 109982?
866
What is the greatest common divisor of 408799790 and 36462?
12154
What is the highest common factor of 2256375 and 9?
3
What is the greatest common divisor of 43464960 and 838530?
6930
Calculate the greatest common divisor of 57928929 and 5061.
723
Calculate the greatest common divisor of 1573 and 44962632.
1573
What is the greatest common divisor of 48 and 3022832?
16
What is the greatest common factor of 3268140 and 2670?
30
What is the highest common divisor of 1940390 and 17980?
290
What is the highest common factor of 928 and 148006488?
232
Calculate the greatest common divisor of 34001913 and 33.
33
Calculate the greatest common divisor of 654048 and 101952.
864
Calculate the greatest common divisor of 18 and 35632347.
3
What is the highest common factor of 1273320 and 40872?
3144
Calculate the highest common divisor of 4048 and 386032.
368
Calculate the greatest common divisor of 177553752 and 22512.
1608
Calculate the greatest common divisor of 30819068 and 28.
28
Calculate the highest common divisor of 367620540 and 12.
12
Calculate the highest common factor of 5157 and 8171171.
191
What is the highest common divisor of 725 and 11943853?
29
What is the highest common divisor of 24593526 and 1224?
306
Calculate the greatest common factor of 188181232 and 16.
16
Calculate the greatest common divisor of 223461 and 504.
63
Calculate the highest common divisor of 299604 and 384.
12
Calculate the highest common divisor of 1608 and 21146808.
1608
What is the highest common divisor of 417145378 and 182?
26
Calculate the highest common divisor of 46034972 and 524.
524
What is the greatest common factor of 8676 and 99750141?
2169
What is the highest common factor of 43 and 223220783?
43
What is the greatest common factor of 1264458177 and 27?
9
Calculate the highest common divisor of 15223763 and 3225.
43
Calculate the greatest common divisor of 8632959 and 2355.
471
Calculate the highest common factor of 6350 and 42280.
10
What is the greatest common divisor of 1079 and 1096836?
13
What is the greatest common divisor of 1073048 and 1808?
904
Calculate the highest common divisor of 665543 and 1337717.
349
What is the greatest common divisor of 28696 and 194344?
136
What is the greatest common divisor of 29470550 and 88582?
6814
Calculate the greatest common factor of 1728540 and 2585.
55
What is the greatest common divisor of 6865143 and 1749?
159
What is the greatest common divisor of 1246 and 199630382?
1246
Calculate the highest common divisor of 53958 and 925191.
51
Calculate the greatest common divisor of 16536 and 517651.
53
Calculate the highest common factor of 179498 and 37810.
398
Calculate the highest common divisor of 9733808 and 516232.
2984
What is the greatest common divisor of 195 and 895609?
13
Calculate the greatest common factor of 318 and 18811661.
53
Calculate the highest common divisor of 705076 and 25532.
1964
What is the highest common divisor of 163284 and 11011?
11
What is the greatest common factor of 23552232 and 22?
22
What is the greatest common divisor of 4 and 4308316?
4
Calculate the greatest common divisor of 160108 and 31070189.
3079
Calculate the greatest common factor of 2014 and 113409347.
1007
Calculate the highest common factor of 816 and 666944.
272
Calculate the highest common factor of 9588 and 295357541.
799
Calculate the greatest common factor of 78944 and 3.
1
What is the highest common factor of 181273261 and 663?
221
What is the greatest common factor of 3136 and 275072?
448
Calculate the highest common divisor of 3436 and 72003098.
1718
What is the highest common divisor of 90218427 and 16011?
1779
What is the greatest common divisor of 46268 and 516172?
172
Calculate the greatest common factor of 4928 and 252923.
11
What is the greatest common divisor of 672276 and 19360?
484
Calculate the greatest common divisor of 125 and 8372125.
125
Calculate the highest common factor of 42295 and 43.
1
Calculate the greatest common factor of 2904 and 82156096.
968
Calculate the greatest common divisor of 31016 and 566375422.
7754
What is the greatest common factor of 1950 and 29510?
130
Calculate the highest common divisor of 577013 and 1111.
101
Calculate the highest common factor of 6239 and 654823.
17
Calculate the greatest common divisor of 187 and 76261405.
187
Calculate the highest common factor of 4509582 and 4662.
42
Calculate the highest common divisor of 35267547 and 61635.
12327
Calculate the highest common divisor of 182541 and 26412.
213
Calculate the highest common factor of 672 and 34080081.
21
Calculate the highest common divisor of 190554 and 13650.
546
Calculate the greatest common factor of 66871 and 1477.
7
Calculate the highest common factor 